f 20 and f?
5
Let b = 48 + -38. Let h be -1 - -20 - (-11 + b). What is the greatest common factor of 220 and h?
20
Let v be (-2)/12*-3*8. Suppose 0 = -s - 4*s + 160. What is the greatest common factor of s and v?
4
Let p be (79 - 71)/((2*1)/(-6)). Let u be (p/36)/(2/(-42)) - -1. Let n be (-2)/(-4)*-2 - -166. Calculate the highest common factor of n and u.
15
Let w = 405 + -357. What is the highest common divisor of 66 and w?
6
Suppose 3*q + 0*r - 334 = -2*r, 5*q - 545 = -r. Let b = -53 + q. What is the highest common divisor of b and 11?
11
Let l(z) = -2*z**2 + 48*z - 22. Let s be l(23). What is the highest common divisor of s and 16?
8
Suppose 395 = n - b, 6*n = 9*n + 3*b - 1155. Calculate the highest common factor of 15 and n.
15
Let w = 244 + -172. Suppose -7*p = -10*p + w. What is the highest common divisor of p and 216?
24
Suppose -3*p + x = -10 + 2, 4*x + 16 = 4*p. Calculate the highest common divisor of 1 and p.
1
Suppose 28*n = 30*n - 288. What is the highest common divisor of n and 80?
16
Suppose 0 = 128*l - 11551 - 10209. What is the highest common divisor of 5 and l?
5
Suppose -2*d = -3*d + 124. Let p = -597 - -972. Let z be (-4 - 45/(-12)) + p/12. Calculate the highest common factor of z and d.
31
Let n(o) = o**2 - o - 24. Suppose t - 4*s - 30 = 0, -t - s = -2*s - 15. Let f be n(t). What is the greatest common divisor of f and 6?
6
Let l be (44/(-8))/(1/(-2)). Calculate the highest common divisor of 143 and l.
11
Suppose 0 = -b + 4*u - 6, -3*b - 6*u + 3*u = -42. Suppose -3*k = -196 - 14. What is the highest common divisor of k and b?
10
Suppose 26*n = -2*t + 25*n + 174, -4*t = 5*n - 342. Calculate the highest common divisor of 66 and t.
22
Suppose -3*z + 2*z = 16. Let j = -15 - z. Let f be 2/(-6)*(34 + 2)/(-4). What is the greatest common divisor of j and f?
1
Let j(r) = r**3 + r**2 - 5*r - 82. Let t be j(0). Let u = t + 163. Suppose 0 = 2*h + 2*h - 36. What is the highest common factor of u and h?
9
Let h = 796 + -754. Calculate the highest common divisor of h and 147.
21
Let x be (11/3 + 1)*3. Suppose 0 = 5*y - t - 10, 2*y - 4*t + 0 + x = 0. Suppose -3*w + y = -21. Calculate the greatest common divisor of 64 and w.
8
Let m = -3 + 9. Suppose -3*d + m*v + 4 = 5*v, -3*d = 5*v - 34. Suppose 7*f - 32 = d*f. What is the highest common factor of f and 48?
8
Suppose 0*k - 14 = -5*n - 4*k, n = 2*k. Suppose 0 = n*v - 5*y - 9 - 53, 0 = 4*v - 2*y - 140. What is the highest common divisor of 54 and v?
18
Let r(u) = -20*u + 4. Suppose -5*t = 2*l + 35, -2*l - 6 = t + 9. Let f = 1 + t. Let m be r(f). Calculate the greatest common divisor of 12 and m.
12
Suppose 3*c = -2*i - 4, -4*i + i = 2*c + 1. Suppose o = -0 + 8. What is the highest common divisor of o and i?
1
Let v = 44 + -18. Let h(c) = -7*c**2 + c - 1. Let i be h(-4). Let d be 4/(-3)*i*(-4)/(-6). What is the highest common divisor of d and v?
26
Let x(k) = 5*k**3 + k**2 - k + 1. Let n be (-4 + (-45)/(-12))*-4. Let p be x(n). Suppose -2*z + p*z = 168. Calculate the highest common factor of z and 6.
6
Suppose 1933*n + 1188 = 1936*n. What is the greatest common divisor of n and 495?
99
Let g = 12 + 24. Suppose -3*v + g = -2*b, -5*v + b = -0*b - 60. What is the greatest common divisor of v and 4?
4
Let d(k) = 77*k**2 + 10*k - 9. Let o be d(1). Let p be 27 - (-2)/2*-1. Calculate the greatest common factor of o and p.
26
Let l = 1274 + 170. Calculate the highest common divisor of l and 152.
76
Suppose 4*m = -4*g + 60, 45 = 16*m - 14*m - 3*g. What is the greatest common factor of m and 738?
18
Let s = 1416 - 1230. What is the greatest common factor of s and 806?
62
Let w be 102/187 + (-654)/(-11). Calculate the highest common factor of w and 24.
12
Let p(r) = -7*r + 6. Let f(z) = 6*z - 6. Let j(q) = 4*f(q) + 3*p(q). Let k be j(3). What is the highest common factor of k and 3?
3
Suppose -5*h + 2*a + 36 = 6*a, 4*h - 20 = -a. Suppose -3*m + 16 = -h*y - 19, 71 = 3*m + 5*y. Calculate the greatest common divisor of m and 170.
17
Let t = -1533 - -1848. Calculate the highest common divisor of 135 and t.
45
Let v(p) = 3*p**2 + 4*p + 53. Let q be v(5). What is the highest common factor of q and 185?
37
Let t be (-1)/(-8)*6401 - (-63)/(-504). Calculate the greatest common factor of t and 50.
50
Let m = -7 + -11. Let o be (-6)/m - (-5)/3. Let z(j) = -31*j - 294. Let g be z(-10). Calculate the greatest common divisor of o and g.
2
Let k = -112 + 116. Suppose k*c - 254 = 386. Calculate the highest common factor of c and 20.
20
Suppose 3*v = 4*y + 41, 0 = -5*v + 2*y + 56 - 11. What is the greatest common factor of 1 and v?
1
Suppose -5*q + 185 = 5*n, -5*n - 95 = 4*q - 275. What is the highest common divisor of n and 304?
16
Suppose 3*v - 3*h = 166 + 26, 0 = -2*v + 4*h + 118. What is the greatest common divisor of v and 3?
3
Let o(a) = a**2 + 5*a + 12. Let w = -3 - -3. Suppose w = b + 6. Let j be o(b). Calculate the highest common divisor of 18 and j.
18
Let x(g) = g**3 - 15*g**2 + 17*g - 5. Let l be x(14). Suppose -l = -9*a + 323. Suppose -3*s = -4*s + 60. Calculate the greatest common divisor of a and s.
20
Let s(j) = -j**3 + 5*j**2 + j + 192. Let n be s(8). Let o be 3/(18/8)*-12. Let c = o - -24. What is the highest common divisor of n and c?
8
Let k be ((-212)/(-8))/(-1 - (-7)/6). Suppose -2*j + 48 = 4*t - 78, -2*j = 5*t - k. What is the greatest common factor of t and 11?
11
Let w = -45 + 53. Let u be ((85/4)/5)/(2/w). Let f(z) = 18*z**2 - 1. Let b be f(-1). What is the highest common factor of b and u?
17
Let r(d) = 5*d**3 + 3*d**2 + 5*d - 5. Let v(x) = -x**3 - x - 1. Let l(c) = -r(c) - 6*v(c). Let i be l(5). Calculate the highest common divisor of i and 33.
33
Suppose -4*l = -l - 150. Suppose -4*a + 5*v = -6 - l, 4*v + 34 = 2*a. What is the greatest common divisor of 81 and a?
9
Let l(v) = 3*v**3 + 2*v**2 - 2*v + 1. Let n be l(1). Suppose 7*j + 284 = n. Let b be (60/j)/(3/(-124)). What is the greatest common divisor of 31 and b?
31
Let j = 4 + 1. Let s(u) = u**2 + 2 + 0*u**2 - j. Let x be s(-4). Calculate the greatest common divisor of x and 104.
13
Let t = -1131 + 1143. Calculate the highest common divisor of 28 and t.
4
Let f(c) = -2*c**2 + 20*c + 12. Let y be f(5). Calculate the highest common divisor of y and 496.
62
Suppose -2*m = -0*m - 4. Suppose 77 = 5*b - 13. Calculate the greatest common factor of m and b.
2
Let d(k) = -k**3 + 7*k**2 + k - 35. Let v be d(6). What is the highest common divisor of 217 and v?
7
Let h(a) = 0*a - 1 + 10*a**2 + a - a**3 - 3*a**2. Let x be h(5). Let s be 32 - ((-17)/(238/54) + 2/(-14)). Calculate the highest common divisor of s and x.
18
Let z = 722 - 653. Calculate the highest common factor of 552 and z.
69
Let c(t) be the first derivative of -t**3/3 + 9*t**2/2 + 3*t + 2. Let o be c(9). Suppose 0*q + o*q = 6. What is the highest common factor of 1 and q?
1
Suppose 3*m + c = 1086, -863 = -2*m - 5*c - 126. What is the greatest common factor of m and 57?
19
Let x(s) = 7*s**2 - 2*s - 16. Let c(v) = 6*v + 1. Let p be c(1). Let g be x(p). Let k = g - 38. Calculate the greatest common divisor of k and 25.
25
Let h be 96/(-72)*(-6)/(-4). Let j(l) = -19*l - 1. Let z be j(h). What is the greatest common divisor of z and 148?
37
Suppose 4*u - 65 = -3*m, -4*m + 25 = u - 1. Suppose f - 17 = -x, 4*x - u = -2*f + f. Let q = -4 - -6. What is the highest common factor of f and q?
2
Let v = -685 + 693. Calculate the greatest common divisor of v and 16.
8
Let p be (366/(-427))/(-3*4/42). Calculate the highest common divisor of 33 and p.
3
Suppose -4*z + 38 = -22. Let v = -11 - -16. Suppose 81 = v*o - 69. What is the greatest common factor of z and o?
15
Let r = 6 - -1. Let q(b) = b**2 + 2*b - 4. Let p be q(-3). Let w be (6 - r)/(p/9). Calculate the greatest common factor of w and 1.
1
Suppose 3*x - 8*x + 50 = 0. Suppose 5*s - 2*p - 429 = -3*p, 0 = -p + 4. What is the greatest common factor of x and s?
5
Let v = -344 - -372. Calculate the highest common factor of v and 532.
28
Let y(r) = 2*r**2 + 3*r + 8. Let m be y(-9). Suppose -5*o + 10 = 55. Let d(n) = -n + 4. Let s be d(o). What is the greatest common divisor of s and m?
13
Suppose 4*m - 3*x + 5*x = -80, 2*m = -5*x - 40. Let d be (75/m)/(1/(-8)). What is the greatest common factor of 20 and d?
10
Let c(o) = 22*o + 559. Let s be